{"id":1295,"date":"2021-09-02T16:24:30","date_gmt":"2021-09-02T15:24:30","guid":{"rendered":"http:\/\/www.logopaidetvous.be\/?page_id=1295"},"modified":"2026-01-27T20:33:23","modified_gmt":"2026-01-27T19:33:23","slug":"journee-logo","status":"publish","type":"page","link":"https:\/\/www.logopaidetvous.be\/index.php\/journee-logo\/","title":{"rendered":"Journ\u00e9e logo"},"content":{"rendered":"<div class=\"centered\">\n\nJourn\u00e9e logo 2026 le 12 avril. Plus d&rsquo;infos sur l&rsquo;affiche de l&rsquo;\u00e9v\u00e9nement !\n\n<div class=\"centered\"><\/div><a href=\"https:\/\/forms.gle\/p2hZaYRvaoc6aysu6\"><strong>Inscriptions<\/strong><\/a><\/div>\n<div class=\"c\"><div class=\"centrage ctr_3x1-4\"><\/div><\/div>\n\n<div class=\"centered\"><img decoding=\"async\" class=\"aligncenter wp-image-1548 size-full\" src=\"http:\/\/www.logopaidetvous.be\/wp-content\/uploads\/2026\/01\/JOURNEELOGO_AFFICHE2026_A3-scaled.jpg\"><\/div>\n<div class=\"c\"><div class=\"centrage ctr_3x1-4\"><\/div><\/div>","protected":false},"excerpt":{"rendered":"","protected":false},"author":2,"featured_media":0,"parent":0,"menu_order":0,"comment_status":"closed","ping_status":"closed","template":"","meta":[],"_links":{"self":[{"href":"https:\/\/www.logopaidetvous.be\/index.php\/wp-json\/wp\/v2\/pages\/1295"}],"collection":[{"href":"https:\/\/www.logopaidetvous.be\/index.php\/wp-json\/wp\/v2\/pages"}],"about":[{"href":"https:\/\/www.logopaidetvous.be\/index.php\/wp-json\/wp\/v2\/types\/page"}],"author":[{"embeddable":true,"href":"https:\/\/www.logopaidetvous.be\/index.php\/wp-json\/wp\/v2\/users\/2"}],"replies":[{"embeddable":true,"href":"https:\/\/www.logopaidetvous.be\/index.php\/wp-json\/wp\/v2\/comments?post=1295"}],"version-history":[{"count":28,"href":"https:\/\/www.logopaidetvous.be\/index.php\/wp-json\/wp\/v2\/pages\/1295\/revisions"}],"predecessor-version":[{"id":1860,"href":"https:\/\/www.logopaidetvous.be\/index.php\/wp-json\/wp\/v2\/pages\/1295\/revisions\/1860"}],"wp:attachment":[{"href":"https:\/\/www.logopaidetvous.be\/index.php\/wp-json\/wp\/v2\/media?parent=1295"}],"curies":[{"name":"wp","href":"https:\/\/api.w.org\/{rel}","templated":true}]}}